= -2*s, -t*s + 1317142 = -3*y. Is ((-4)/(-6))/(5/(y/(-20))) prime?
True
Let z(j) = -2*j**2 + 9 + 4*j**3 - 3*j**2 - 3*j**3 - 31*j. Let o be z(12). Suppose 2*f = -2*n + 1004, -3*f + n + o = -849. Is f prime?
True
Suppose 3060 = 3*w - 6*w. Suppose 38*o + 23261 + 2921 = 0. Let m = o - w. Is m a composite number?
False
Suppose -30*z + 16 = -26*z. Is (5/z)/(36/71856) composite?
True
Is (-2 + 8/5)/((-58)/6983635) prime?
True
Let c be 1 + 8/(-6) + (-15)/9. Is 1332/(-54)*201/c a composite number?
True
Let h(r) = 181*r + 24. Let j(p) = p**2 - 11*p + 26. Let k be j(9). Let u be h(k). Let w = u + 899. Is w prime?
True
Let g(j) = 25146*j**2 - 140*j + 15. Let d be g(9). Is d/2290 + 1 + 9/(-10) composite?
True
Let i(t) = 6*t**2 + 33*t + 23. Is i(40) a prime number?
False
Suppose -83 = -24*b + 37. Suppose 5*u - 23675 = b*j, -4*u - 3*j = -6713 - 12255. Is u a prime number?
False
Suppose 0 = 4*h - 0*h + 5*q - 11554, 5*h + 3*q = 14449. Suppose -h - 2867 = -2*c. Is c prime?
True
Let t(f) = 13*f**3 - 32*f**2 + 35*f - 213. Is t(32) composite?
False
Let n(g) = 442*g + 61 - 1870*g - 36. Let h(k) = -k - 13. Let q be h(-10). Is n(q) a prime number?
False
Suppose 42*b + 27*b - 3064773 = 0. Is b prime?
True
Suppose 5*d = -5*f + 256980, 0 = 3*d - 2*f - 94788 - 59435. Is d a composite number?
True
Suppose 0 = -10*r + 43556 - 8296. Let x = 19 + r. Is x prime?
False
Let a(o) be the second derivative of o**3/2 + 31*o**2/2 + 43*o. Let v be a(-9). Suppose -2*n + 66 = 4*x, n - v*x + 14 = 59. Is n composite?
False
Suppose 180*g = 106*g + 11153354. Is g prime?
True
Let b = 2020981 - 3029849. Is (6/(-4))/(-10 - b/100888) composite?
False
Suppose 4 = 1366*r - 1370*r. Is r/((-9)/51876) - 3 a prime number?
False
Let l = -72 + 38. Let q be 5/(-15) - (l/3 + -2). Suppose q*t = 10*t + 435. Is t composite?
True
Let t(p) = -39*p**3 + 37*p**2 + 8*p - 3. Let y(r) = -77*r**3 + 73*r**2 + 17*r - 7. Let f(i) = 5*t(i) - 3*y(i). Is f(5) a composite number?
True
Let a be ((-286)/(-78))/((-2)/(-6)). Suppose -a*s - 3026 = -35014. Suppose s + 466 = 2*v. Is v a prime number?
False
Let f = 22805 + 479964. Is f a prime number?
True
Let j(o) = 380*o**3 - 8*o**2 - 13*o + 30. Is j(7) a composite number?
False
Suppose -39*j - 39*j = 40*j - 49623602. Is j a prime number?
False
Let w(p) = 68*p + 52. Let b(q) = 68*q + 53. Suppose 3*r - 4*z = -21, z + 12 = -4*r - r. Let f(y) = r*b(y) + 4*w(y). Is f(17) a composite number?
True
Suppose 11*m - 9*m + 39413 = 3*m. Is m prime?
False
Suppose -2*u = 4 + 4, 0 = 4*w - 3*u - 52. Suppose -3*p - 4 = -w. Suppose -i + 47 = 2*s - 274, p*s = -3*i + 311. Is s prime?
True
Suppose 3*w = 1516 + 3890. Suppose 2*n - 1 = 3, 4*i - w = -3*n. Is i a composite number?
False
Let s = -262 + 262. Suppose s = -7*r + 9553 - 810. Is r a composite number?
False
Let m be 3/8 - 234/(-144). Is (-24305)/m*(-22)/55 a composite number?
False
Suppose 0 = 18*x - 19*x - 2. Is 45*44 - (-3 + x) composite?
True
Let q(s) = 305*s**2 - 799*s + 19. Is q(47) composite?
False
Let n(s) = -6*s**2 + 6*s - 25. Let h(i) = -3*i - 39. Let y be h(-9). Let p be n(y). Let g = 4164 + p. Is g prime?
True
Is (-49)/14*24/(-14) - (-5 - 221744) composite?
True
Let g be 11980 + (0/(-5))/5. Let c = 22785 - g. Suppose 5*d = -3*a + 10810, 5*d - c = -4*a + 2*a. Is d prime?
False
Let k(z) = -z**3 + 31*z**2 - 27*z - 85. Let i be k(30). Suppose 4*h + 0*c - 27463 = -c, 0 = -i*h - c + 34329. Is h a composite number?
True
Let y be (-75011)/(-11) - 19/(836/8). Suppose 4*j + 4*t = 793 + y, 2*j = -t + 3804. Is j prime?
True
Is (-124)/(-93) + ((-952090)/3)/(-2) prime?
False
Suppose 19*l = 16*l + 9. Suppose -2*z - l*r = -2155, -6*r + 5350 = 5*z - 11*r. Is z a prime number?
False
Suppose -2*d + 3*d - 3*n = -2, 6 = -3*n. Let c be (3 - 4)/((d/(-12))/2). Is 57 - 4/((-6)/c) prime?
False
Suppose -726*c + 396574 = 4*h - 725*c, 5*h + 5*c - 495725 = 0. Is h a composite number?
True
Let z be 2020/5*1/2. Let f be z/(36/(-20) + 2). Suppose -f = -d + 489. Is d prime?
True
Let m(s) = -175*s + 85. Let w(h) = -29*h + 14. Let z(i) = -6*m(i) + 35*w(i). Let v be z(-6). Let t = v - -369. Is t a prime number?
True
Suppose -2*j + 5*f = -85, 3*f + 6 = f. Let z = -594 + 391. Is z/56*-4*(j + -1) a composite number?
True
Let x = -1442086 - -2044865. Is x a composite number?
False
Let n be (2 + 2 + 26/(-6))*-9. Let r(c) = 151*c**n - 16 - c - 6*c**2 - 152*c**3 - c**2. Is r(-11) composite?
False
Suppose 6*o + 16 = 160. Let i = o - 16. Suppose -i*z + 0*z + 3032 = 0. Is z a composite number?
False
Let c be 2*(-1 - (-811)/(-2)). Suppose 0 = -u - v - 575, 61*u - 3*v + 1731 = 58*u. Let i = u - c. Is i composite?
True
Suppose 0 = 17*q - 68 + 221. Let l(y) = -231*y - 22. Let n(s) = 154*s + 15. Let a(o) = -5*l(o) - 8*n(o). Is a(q) a composite number?
False
Let g(k) = -4 + k + 25*k**2 - 56*k**2 + 183*k**2. Is g(-3) a composite number?
False
Let f = -87628 + 188337. Is f prime?
False
Suppose -22*h = -21*h - 5*c - 2524, -3*h + c + 7530 = 0. Let i be 1501 - (1 + -3 + 3). Let l = h - i. Is l a prime number?
True
Let p(q) = 78*q**2 - 8*q + 2. Let y be p(4). Suppose -2*n - 12434 = 2*o, o + 2*n = -5000 - y. Let r = o - -8873. Is r a composite number?
False
Let n(q) = 710*q + 45. Suppose 3*p = 3*o - 12, 2*p + 4*o - 1 = 3*p. Let i(s) = 355*s + 23. Let b(c) = p*i(c) + 2*n(c). Is b(-6) a composite number?
True
Let p(w) = 16*w**3 + 101*w**2 + 73*w - 427. Is p(30) prime?
False
Let c(r) = -r**2 + 3*r - 2. Let l be c(1). Suppose l = -2*w - 3*w + 2730. Let t = w + 531. Is t composite?
True
Suppose -129*b + 41*b + 27924776 = 0. Is b a composite number?
False
Suppose 32*i - 167942 = 30*i - 4*z, 3*i = 5*z + 251902. Is i a prime number?
True
Let y(f) = 516*f**3 - 5*f**2 + 18*f + 44. Let r(m) = -1034*m**3 + 12*m**2 - 36*m - 87. Let b(k) = -2*r(k) - 5*y(k). Is b(-3) prime?
True
Let a(c) = 703*c - 246*c + 508*c + 86. Is a(3) a composite number?
True
Let n = 29155 + -17868. Let r = 3454 + n. Is r composite?
False
Suppose -6*m = 11 - 23. Suppose 0 = -3*o + 4*p + 23805, -m*o - 2*p + 4888 + 10996 = 0. Is o composite?
True
Let w = 603 - 560. Is 5 + 0 + 46956/w a composite number?
False
Let d = -381 + 249. Let a = 77 - d. Let l = 903 - a. Is l a prime number?
False
Suppose -5*g = -3*j - 489086, -52*g = -49*g + 5*j - 293404. Is g a prime number?
True
Suppose -112*h - 1270895 = -16052991. Is h composite?
True
Let n be 0*(-4)/12 - -5. Suppose -3609 = n*r - 16684. Let j = r + -1528. Is j a prime number?
True
Suppose 0 = 6*j + 6821 - 1061. Let i = 1639 + j. Is i a prime number?
False
Let l be -64115 + (1 - (-8 + 4)). Is 0 - -5 - l/5 a composite number?
True
Let u(g) = 13*g**2 - 3*g - 7. Let j(b) = -19*b + 4*b + b + 38*b**2 - 20 + 5*b. Let z(a) = 4*j(a) - 11*u(a). Is z(-2) a composite number?
True
Suppose -9*h = -10*h - 2120. Let s = h - -3717. Is s a composite number?
False
Let w be (-588)/(-18) - (0 - 3/9). Let h = w - 22. Suppose 3*k + 10888 = h*k. Is k prime?
True
Suppose 0 = -0*n + 5*n + 2*l, 11 = -2*n - 3*l. Suppose b - 22 = 2*q, n*q = -5*b + 7*q + 105. Suppose 4*d = b, -5*z + 938 = -5*d - 92. Is z a composite number?
False
Suppose 6*v - 2*v - 76 = 0. Let h be (v - 1)/(5/15) + 3. Is h + 1/(2/4) a composite number?
False
Suppose 3*j = -17*j + 140. Suppose 0 = -k - j*k - 192. Is 3909/18 + ((-28)/k)/(-7) a prime number?
False
Let o be (2 + -3)/(3/(-2463)). Let n = o - 438. Let t = 936 - n. Is t prime?
False
Let t(a) = 4*a - 18. Let x be t(5). Suppose 0 = -x*r - 2*d + 2796, -d - 11170 = -5*r - 4174. Is r prime?
True
Let y(p) = 84*p**2 + p - 4. Suppose -x = -l - 24, -3*l + l = -3*x + 50. Let o = l - -27. Is y(o) a prime number?
False
Is 247495/3*(-7 + 38/5) prime?
True
Suppose 21 = 14*x - 21. Suppose 0*b + 19 = 4*b - o, -x*b = -3*o - 21. Is (12/b + -4)*-43 a composite number?
False
Suppose -5*v - 313 = 52. Let x = v + 126. Suppose 20 = 4*m, 3*f - 5*m = -0*f + x. Is f a prime number?
False
Suppose -2*y - 260 = -5*z + 16762, -5*z + 5*y = -17025. Suppose z + 440 = 4*j. Is j prime?
False
Let j = -53 - -76. Let a(g) = -g**3 + 8*g**2 - 7*g + 2. Let n be a(7). Suppose -y + 261 = n*w, -y + j = -2*w - 254. Is y a prime number?
True
Suppose a + 0*f - 4*f = -11, -2*a = 4*f - 14. Suppose -4*r - 4*u = -5*u + 1, 2*r - a = -u. Suppose 4*g - 3*h = 1279 + 237, r = -2*h. Is g composite?
False
Suppose 0 = 3*j + 2*f + 55276, -3*j 